+ 8*t**3 - 7*t**3 - 9. Let q be c(-5). Let z(h) be the third derivative of -h**4/12 + h**3/6 + 11*h**2 - 57. Determine z(q).
-5
Let k(y) be the first derivative of y**4/12 + 11*y**3/6 - y**2 + 26*y + 131. Let p(x) be the first derivative of k(x). Calculate p(-11).
-2
Suppose -1 - 4 = 5*t. Let a(y) be the first derivative of -y**6/180 - y**5/120 - 3*y**3 - 1. Let z(n) be the third derivative of a(n). Calculate z(t).
-1
Let s(l) = -90*l - 63. Let t(h) = -35*h - 25. Let c(r) = 5*s(r) - 13*t(r). Give c(-7).
-25
Let s(i) be the third derivative of -i**5/30 + 7*i**4/4 - 8*i**3 + 3*i**2 - 31*i + 4. Calculate s(20).
-8
Suppose -s + 5*v - 2 = 5, -3*s = 4*v - 17. Let u(l) = -s*l + 3*l + 100 - l - 107. Suppose 0 = -4*o - 5 - 27. Calculate u(o).
1
Let h(y) = -860 - 30*y - 849 + 1721. What is h(0)?
12
Let j = -68 - -79. Let u(v) be the third derivative of -1/2*v**4 + 0*v - v**2 - 2 + 1/60*v**5 + 5/2*v**3. Give u(j).
4
Let h(k) = k**2 + 27*k - 196. Let f be h(6). Let m(o) be the second derivative of o**f - 18*o + 1/3*o**3 - 1/12*o**4 + 0. Give m(3).
-1
Let n(k) = k - 1. Let j(a) = a**2 - 2*a - 10. Let l(c) = j(c) - 3*n(c). Suppose -4*q = 2*r + 692, 0 = r + 4*q - 88 + 432. Let b = 355 + r. Determine l(b).
7
Let z(v) = -5*v**2 + 4*v - 2. Let j(s) = s**3 + 14*s**2 + 20*s - 45. Let k be j(-12). Give z(k).
-35
Let z(t) = t**2 - 13. Let n(q) = -q**2 + 9*q + 3176. Let l be n(61). What is z(l)?
3
Let w = -67 - -228. Let j = 163 - w. Let h(q) = 6*q + 2. What is h(j)?
14
Suppose -16*g = -9*g - 14. Suppose -g + 14 = 2*c. Let p(n) = -5*n - 2. What is p(c)?
-32
Let s(y) = -3*y. Let u be (15 - 8) + 1/(-5 - -4). What is s(u)?
-18
Let s(i) = i**3 + 22*i**2 - 19*i - 43. Let w(k) = k**2 + 4*k. Let f(j) = -s(j) - 4*w(j). What is f(-26)?
-35
Let b(i) be the second derivative of i**5/20 + 19*i**4/12 - 10*i**3/3 + 43*i**2/2 - i - 29. What is b(-20)?
43
Let n(h) = -h**2 + 2. Let b be 7*10/455 + (-111)/(-39). Suppose -4*k = 9*k - b*k. Determine n(k).
2
Let g be -1 - -2*(-1)/(-2). Let t(y) = -131834*y**2 + 65916*y**2 - y**3 + 65917*y**2 - y - 20. Give t(g).
-20
Suppose -14*u = -86*u + 130 + 230. Let n(g) = g**3 + 6*g**2 + 5*g + 2. Let o be n(-3). Let h(v) = -u*v + v**2 + o*v - 9*v - 1. Give h(-2).
3
Let h(g) = g**2 + 8*g - 43. Let c be h(8). Suppose c = 5*f + 75. Let p(i) = -3 - 8*i + 15*i - i. Give p(f).
9
Suppose 11*o - 26 = 18. Suppose 7 = -o*y + 19. Let q(z) = -8*z**2 - z + 7*z**2 - y + 8*z. Determine q(3).
9
Let b(p) = 14*p**2 - 44*p - 5. Let y(m) = 3*m**2 - 11*m - 1. Let g be 1*42/56*(-14 + 2). Let z(l) = g*y(l) + 2*b(l). Give z(-8).
-25
Let b(l) = l**3 + 2*l**2 - 2*l + 5. Let i(v) = -8*v + 265. Let a be i(-21). Let m = 430 - a. Give b(m).
2
Let n(a) = -7*a**2 - 14. Let v(t) = 5*t**2 + t + 12. Let l(s) = 3*n(s) + 4*v(s). Let q be -5*(-1*1 + 0). Give l(q).
1
Let v(a) = -a**2 + 6*a + 2. Let s = 227 - 39. Suppose 220 - s = 4*p. Calculate v(p).
-14
Let c(f) = -f**2 - 13*f - 13. Let r be c(-4). Suppose -r*k = -14*k + 18. Let u(i) = 7*i**3 + 4*i**2 + 4*i + 3. Determine u(k).
-45
Let y be -3*(0 + -1) - 7. Let k(t) be the first derivative of t**3/3 + 3*t**2 + 2*t - 406. Determine k(y).
-6
Let s(q) = q**3 + q + 3. Let m(f) = 8*f**3 + 7*f + 44. Let c(v) = -m(v) + 7*s(v). Give c(0).
-23
Let j = -121 - -121. Let p(k) = k + 289 - k + k**3 - k**2 - 284. Determine p(j).
5
Let p be 12/(-36)*(-6)/(-2) - 88/(-4). Let u(f) = f**2 - 19*f - 28. Calculate u(p).
14
Let o(f) = -f - 16. Let b(c) = -15*c - 1. Let n be b(-4). Suppose 6*v - 10*v = 3*m + 245, 5*v + 5*m = -310. Let i = n + v. Calculate o(i).
-16
Suppose 5*c - 2*c - 36 = 3*u, -2*u + 4 = 5*c. Let q = 12 + u. Let n(o) = -2*o + 3*o**3 - 3*o**2 - 3*o**3 + o**3 - 2. What is n(q)?
6
Let m(a) = a**3 - 6*a**2 - 10*a + 17. Suppose 6*t + 147 - 423 = 0. Suppose -20*c = -t - 94. Calculate m(c).
-4
Let w = -11012 + 10990. Let v(p) = p + 29. Give v(w).
7
Let d(u) = -u**2 + 5*u - 6. Let n be (0 - -4)/(38/19). Give d(n).
0
Let j(y) = 26*y + 69. Let z be j(-4). Let g be (z/(7 + -12))/((-14)/(-4)). Let i(f) = 2*f**2 - f - 2. Give i(g).
4
Let z(k) = k**3 - 12*k**2 + 11*k + 11. Let g = 1627 - 1616. Determine z(g).
11
Let b = -9039 + 9051. Let y(x) = -9*x + 106. Give y(b).
-2
Let k = -538 + 540. Let n(i) = k*i + i + 3 - 7*i + 2*i + i. Give n(9).
-6
Let o(m) = -m**3 - 2*m**2 + m + 1. Let x(a) = -20*a**3 - 4*a - 2. Let f be x(2). Let v be (-1 - 1)/(f/(-255)). What is o(v)?
7
Let g(q) = -17*q + 6. Let j(a) = -38*a + 13. Let m(r) = -9*g(r) + 4*j(r). Let s = -9 + 3. Give m(s).
-8
Suppose -69*g + 64*g - 630 = 0. Let j be (-2)/21 - (-366)/g. Let o(f) = f**2 + 5*f - 2. Determine o(j).
-8
Let l(u) = -u**2 - 101*u - 381. Let s be l(-4). Let r(j) = -j**3 + 6*j**2 + 6*j + 3. Calculate r(s).
-4
Let f(o) = o**2 - o - 1. Let b(i) = 5*i**2 + 3*i - 14. Let z(v) = -b(v) + 6*f(v). Let s(r) = 3*r + 1. Suppose 2*n = 7*n - 10. Let m be s(n). Determine z(m).
-6
Let t = 27 - 25. Suppose 0 = -c - t*c. Let w(m) be the second derivative of m**3/6 - 13*m**2/2 - 73*m + 2. What is w(c)?
-13
Let v(g) = -2*g**3 + g**2 + 2*g - 3. Let q(l) = l**3 - l - 1. Let n(y) = -3*q(y) - v(y). Suppose 1304*a = 1011*a. Give n(a).
6
Let n(a) = a + 33. Suppose 0 = -1494*m + 1491*m + 6. Suppose -2*j + 10 = -m*y, -j = 3*j + 2*y + 10. Give n(j).
33
Let p(u) = -2*u - 11. Suppose 0*f + 22*f = -41*f - 567. What is p(f)?
7
Suppose 5*l - 5*x = -1 + 6, 0 = 5*l - x - 9. Let f(a) = a**3 - 3*a**2 - 6*a + 11. Determine f(l).
-5
Suppose -2*a = -4*a - 28. Let x be (-1044)/(-10) - a/(-35). Let p(f) = 0 - 9 - 93*f + 6*f**2 + x*f - 5*f**2. What is p(-11)?
-9
Suppose -10 = 2*k + 2*t, -8*t - 17 = k - 3*t. Let z(f) = 3*f - 6. Determine z(k).
-12
Let p(o) be the first derivative of -2*o**3/3 + 35*o**2 - 5*o + 618. Give p(35).
-5
Let h(u) = 2*u - 49. Let r = 470 - 470. What is h(r)?
-49
Let c(l) = -l**3 + l**2 - l. Let k(x) = -x**3 + 2*x**2 - x. Let i be 0 + -3*(1 + -2). Let p(v) = i*k(v) - 2*c(v). Give p(4).
-4
Let k(j) = 34*j**2 - 3*j + 2. Let w(l) = l**2 + 10*l - 42. Let x be w(5). Suppose -3*d - 5*y - x + 21 = 0, -y - 2 = d. Calculate k(d).
33
Let i be (-1)/((-3)/(-15)) + (-171 - -2)/(-13). Let f(t) = t**2 + 14*t - 6. Let g(j) = -2*j**2 - 15*j + 5. Let p(o) = -3*f(o) - 2*g(o). What is p(i)?
-24
Let b(n) = n**3 + 8*n**2 - 7*n + 22. Let c be b(-9). Let x(g) = g**3 - 57 + 41 - 3*g**2 + g - 2*g + c*g**2. What is x(0)?
-16
Let f(c) be the third derivative of 155*c**4/24 - 153*c**3/2 + 646*c**2. Give f(3).
6
Let y(u) = 161*u**2 - 13*u - 8. Let v(j) = -295*j**2 + 25*j + 15. Let f(i) = -6*v(i) - 11*y(i). Let q(c) = -c + 2. Let s be q(7). Calculate f(s).
8
Let y(w) = 7*w**2 + 31*w - 31. Let v(s) = -10*s**2 - 47*s + 38. Let j(x) = -5*v(x) - 7*y(x). Give j(-15).
-18
Let w(a) be the first derivative of a**3/3 + a**2 + 2*a + 1. Let v be 2 + 372 + (-24)/(-6). Let o = -384 + v. What is w(o)?
26
Let z(v) = 27*v**3 - v - 20 + 2351*v**2 - 2363*v**2 - 28*v**3 - 6*v. Determine z(-12).
64
Let i(h) = h + 3. Let m(u) = u - 1. Let a(j) = -2*i(j) - 6*m(j). Suppose 16*g + 34 = 33*g. Determine a(g).
-16
Let s = -28 + 46. Let h be (-3)/18 + 39/s. Let d be (11 - 1)/(-5) - h. Let o(r) = r**2 + 5*r + 1. Calculate o(d).
-3
Let b(d) be the first derivative of d**2 - 2*d + 34. Let y be ((-2)/(-3))/(9/27). Let z be 6 - y/(3 + -1). Calculate b(z).
8
Let i(n) = -8*n**3 + 96*n**2 - 34*n - 57. Let s(l) = -7*l**3 + 88*l**2 - 33*l - 48. Let m(f) = 8*i(f) - 9*s(f). What is m(-25)?
-24
Let m be 86/(-8) + 42/56. Let p be -30 - -27 - (m - -1). Let u(r) = -r**3 + 5*r**2 + 2*r + 8. Calculate u(p).
-16
Let p(s) = -s - 7. Let a = -1689 - -1702. Determine p(a).
-20
Let x(m) = -m**2 + 12*m + 56. Let j be ((-150)/(-35))/((-24)/(-84)). Calculate x(j).
11
Suppose -11*u + 3*b + 12 = -6*u, 0 = -2*b + 2. Let o(z) = z**3 + z**2 + z + 1. Let l(n) = 4*n**3 + 8*n**2 + 5*n + 8. Let k(q) = l(q) - 5*o(q). Calculate k(u).
3
Let y = -13402 + 13397. Let o(f) = f**3 + 2*f**2 - 16*f - 8. Give o(y).
-3
Let d(z) be the second derivative of z**5/60 - 5*z**4/12 + 3*z**3/2 - 7*z**2 - 44*z. Let p(o) be the first derivative of d(o). Give p(10).
9
Let g(d) be the first derivative of d**4/4 + 7*d**3/3 + 3*d**2/2 + 8*d + 1. Suppose 0 = -538*f + 638*f + 700. What is g(f)?
-13
Let z(g) = 2*g**3 - 12*g**2 - 12*g - 7. Let t(l) = 7*l**3 - 47*l**2 - 40*l - 28. Let m(a) = 3*t(a) - 11*z(a). What is m(-10)?
